{"id":7518,"date":"2020-11-30T02:11:59","date_gmt":"2020-11-29T23:11:59","guid":{"rendered":"https:\/\/drycleanonlymagazine.com\/beta\/?post_type=product&#038;p=7518"},"modified":"2020-11-30T02:12:24","modified_gmt":"2020-11-29T23:12:24","slug":"premium-subscriptions-tr","status":"publish","type":"product","link":"https:\/\/drycleanonlymagazine.com\/beta\/urun\/premium-subscriptions-tr\/","title":{"rendered":"TURKEY PREMIUM SUBSCRIPTIONS"},"content":{"rendered":"<p>Bu se\u00e7ene\u011fi sat\u0131n alarak <strong>DryCleanOnly<\/strong> dergisi ma\u011fazalara gelmeden \u00f6nce t\u00fcm i\u00e7eriklere online platformlardan ula\u015fma f\u0131rsat\u0131 yakalay\u0131n. DryCleanOnly dergisi y\u0131lda d\u00f6rt defa adresinize g\u00f6nderilir. Abonelik yenilemeden bir sene boyunca \u00e7\u0131kar\u0131lan t\u00fcm dergileri t\u00fcm online platformlarda okuyabileceksiniz. Y\u0131ll\u0131k aboneli\u011finiz otomatik olarak yenilenir. Abonelikler hakk\u0131nda daha fazla bilgi i\u00e7in SSS sayfam\u0131z\u0131 ziyaret edin.<\/p>\n<p><strong>DETAYLAR<\/strong><\/p>\n<hr \/>\n<p>256 sayfad\u0131r. Ofset bask\u0131l\u0131d\u0131r. Kapak ka\u011f\u0131d\u0131 mat ku\u015fedir ve \u00fczerine mat selefon uygulanm\u0131\u015ft\u0131r. T\u00fcrkiye\u2019de bas\u0131ld\u0131.<\/p>\n<p><strong>KARGO B\u0130LG\u0130LER\u0130<\/strong><\/p>\n<hr \/>\n<p><strong>DryCleanOnly<\/strong> d\u00fcnyan\u0131n her yerine g\u00f6nderilmektedir. G\u00f6nderim \u00fccretini hesaplamak i\u00e7in l\u00fctfen bir sonraki ad\u0131ma ge\u00e7in. Adrese g\u00f6re teslimat s\u00fcresi de\u011fi\u015fmektedir.<\/p>\n","protected":false},"excerpt":{"rendered":"<p>Bu se\u00e7ene\u011fi sat\u0131n alarak <strong>DryCleanOnly<\/strong> dergisi ma\u011fazalara gelmeden \u00f6nce t\u00fcm i\u00e7eriklere online platformlardan ula\u015fma f\u0131rsat\u0131 yakalay\u0131n. DryCleanOnly dergisi y\u0131lda d\u00f6rt defa adresinize g\u00f6nderilir. Abonelik yenilemeden bir sene boyunca \u00e7\u0131kar\u0131lan t\u00fcm dergileri t\u00fcm online platformlarda okuyabileceksiniz. Y\u0131ll\u0131k aboneli\u011finiz otomatik olarak yenilenir. Abonelikler hakk\u0131nda daha fazla bilgi i\u00e7in SSS sayfam\u0131z\u0131 ziyaret edin.<\/p>\n<p><strong>DETAYLAR<\/strong><\/p>\n<hr \/>\n<p>256 sayfad\u0131r. Ofset bask\u0131l\u0131d\u0131r. Kapak ka\u011f\u0131d\u0131 mat ku\u015fedir ve \u00fczerine mat selefon uygulanm\u0131\u015ft\u0131r. T\u00fcrkiye\u2019de bas\u0131ld\u0131.<\/p>\n<p><strong>KARGO B\u0130LG\u0130LER\u0130<\/strong><\/p>\n<hr \/>\n<p><strong>DryCleanOnly<\/strong> d\u00fcnyan\u0131n her yerine g\u00f6nderilmektedir. G\u00f6nderim \u00fccretini hesaplamak i\u00e7in l\u00fctfen bir sonraki ad\u0131ma ge\u00e7in. Adrese g\u00f6re teslimat s\u00fcresi de\u011fi\u015fmektedir.<\/p>\n","protected":false},"featured_media":7120,"comment_status":"open","ping_status":"closed","template":"","meta":[],"_links":{"self":[{"href":"https:\/\/drycleanonlymagazine.com\/beta\/wp-json\/wp\/v2\/product\/7518"}],"collection":[{"href":"https:\/\/drycleanonlymagazine.com\/beta\/wp-json\/wp\/v2\/product"}],"about":[{"href":"https:\/\/drycleanonlymagazine.com\/beta\/wp-json\/wp\/v2\/types\/product"}],"replies":[{"embeddable":true,"href":"https:\/\/drycleanonlymagazine.com\/beta\/wp-json\/wp\/v2\/comments?post=7518"}],"wp:featuredmedia":[{"embeddable":true,"href":"https:\/\/drycleanonlymagazine.com\/beta\/wp-json\/wp\/v2\/media\/7120"}],"wp:attachment":[{"href":"https:\/\/drycleanonlymagazine.com\/beta\/wp-json\/wp\/v2\/media?parent=7518"}],"curies":[{"name":"wp","href":"https:\/\/api.w.org\/{rel}","templated":true}]}}