{"id":6164,"date":"2020-10-16T21:33:32","date_gmt":"2020-10-16T18:33:32","guid":{"rendered":"http:\/\/drycleanonlymagazine.com\/beta\/?page_id=6164"},"modified":"2020-11-30T02:25:12","modified_gmt":"2020-11-29T23:25:12","slug":"dcom-aydinlatma-metni","status":"publish","type":"page","link":"https:\/\/drycleanonlymagazine.com\/beta\/dcom-aydinlatma-metni\/","title":{"rendered":"DCOM Ayd\u0131nlatma Metni"},"content":{"rendered":"<p>[vc_row full_width=&#8221;stretch_row&#8221;][vc_column][vc_row_inner][vc_column_inner][vc_column_text]<\/p>\n<h2><strong>K\u0130\u015e\u0130SEL VER\u0130LER\u0130N \u0130\u015eLENMES\u0130NE \u0130L\u0130\u015eK\u0130N AYDINLATMA METN\u0130<\/strong><\/h2>\n<p>O\u011fuz Erel Stil Dan\u0131\u015fmanl\u0131k Ltd. \u015eti. (Bundan sonra \u201cDCOM\u201d olarak an\u0131lacakt\u0131r) olarak; 6698 say\u0131l\u0131 Ki\u015fisel Verilerin Korunmas\u0131 Kanunu (Bundan sonra \u201cKVKK\u201d olarak an\u0131lacakt\u0131r) ve ilgili mevzuat uyar\u0131nca Veri Sorumlusu s\u0131fat\u0131 ile ba\u015fta\u00a0 KVKK, Ayd\u0131nlatma Y\u00fck\u00fcml\u00fcl\u00fc\u011f\u00fcn\u00fcn Yerine Getirilmesi Hakk\u0131nda Tebli\u011f, di\u011fer yerel kanunlar ve T.C. Anayasas\u0131na uygun olarak i\u015fbu Ayd\u0131nlatma Metni Kapsam\u0131nda verilerinizi i\u015fleyecek, aktarabilecek ve gerekli olan t\u00fcm teknik ve idari tedbirleri alarak saklayacakt\u0131r. \u0130\u015fbu Ayd\u0131nlatma Metni; veri sorumlusunun kim oldu\u011funu, ki\u015fisel verilerinizin hangi ama\u00e7larla ve nas\u0131l topland\u0131\u011f\u0131n\u0131, ki\u015fisel verilerinizi toplamam\u0131z alt\u0131nda yatan hukuki sebep, ki\u015fisel verilerinizi kimlere ve hangi ama\u00e7larla aktarma durumlar\u0131n\u0131n oldu\u011funu ve veri sahibi olarak sizlerin KVKK uyar\u0131nca 11. madde kapsam\u0131nda say\u0131lan haklar\u0131n\u0131z\u0131n neler oldu\u011fu hakk\u0131nda bilgilendirme metnidir.<\/p>\n<p>\u0130\u015fbu Ayd\u0131nlatma Metni\u2019 nde anlat\u0131lanlara ek olarak <a href=\"http:\/\/www.dryonlymagazine.com\">www.drycleanonlymagazine.com<\/a> internet sitemize (Bundan sonra \u201cWeb Sitesi\u201d olarak an\u0131lacakt\u0131r) ilk giri\u015f yapt\u0131\u011f\u0131n\u0131z andan itibaren sizlere kaliteli hizmet sunabilmek, hizmetimizi geli\u015ftirebilmek ve Web Sitesi\u2019 nin fonksiyonlar\u0131n\u0131 tam anlam\u0131yla yerine getirilmesi amac\u0131yla \u00e7erezler kullan\u0131lmaktad\u0131r. Bununla ilgili toplanan ki\u015fisel verileriniz hakk\u0131nda detayl\u0131 bilgi i\u00e7in \u201c<a href=\"https:\/\/drive.google.com\/a\/atli.av.tr\/open?id=1KNJHDxlNhnHcllEzZK4cfV5TjnaHrOMTWmqouu0x6iA\">\u00c7erez Politikas\u0131<\/a>\u201d n\u0131 inceleyebilirsiniz. \u00c7erez Politikas\u0131 kapsam\u0131nda toplanan bilgiler siz \u00fcyelik hesab\u0131n\u0131z\u0131 a\u00e7\u0131p Web Sitesine giri\u015f yapmad\u0131\u011f\u0131n\u0131z takdirde teknik ve g\u00fcvenlik amac\u0131yla anonim olarak toplanan bilgiler olup ki\u015fisel verilerinizle e\u015fle\u015fmeyecektir. Ancak \u00fcyelik bilgilerinizle Web Sitesini ziyaret etmeniz, her sayfada giri\u015f bilgilerinizin her defas\u0131nda tekrar tekrar girmenizi zorla\u015ft\u0131rmak yerine otomatik olarak \u00fcyeli\u011finizi bir dahaki ziyaretinizde web sitesinin sizi hat\u0131rlamas\u0131n\u0131 yarayan ve bunun gibi di\u011fer \u00e7erezler web sitesinde kullan\u0131lmaktad\u0131r. Ancak \u00fcyelik bilgilerinizi doldururken vermi\u015f oldu\u011funuz bilgiler a\u015fa\u011f\u0131da Ki\u015fisel Verileriniz Korunmas\u0131 kapsam\u0131nda ayr\u0131ca d\u00fczenlenmi\u015ftir.<\/p>\n<h4><strong>1- K\u0130\u015e\u0130SEL VER\u0130LER\u0130N\u0130Z\u0130N TOPLANMA Y\u00d6NTEMLER\u0130 VE \u0130\u015eLENME AMA\u00c7LARI<\/strong><\/h4>\n<p><a href=\"http:\/\/www.dryonlymagazine.com\">www.drycleanonlymagazine.com<\/a> internet sitesine \u00fcye olurken ve \u00fcr\u00fcn sipari\u015fi s\u0131ras\u0131nda DCOM ile sizin aran\u0131zda kurulan s\u00f6zle\u015fmelerin hukuka uygun haz\u0131rlanabilmesi, \u00fcr\u00fcnlerin teslimi ve buna ili\u015fkin evraklar\u0131n sizin ad\u0131n\u0131za d\u00fczenlenebilmesi ve taraflar\u0131n hak ve y\u00fck\u00fcml\u00fcl\u00fcklerinin yerine getirilebilmesi amac\u0131yla ki\u015fisel verileriniz otomatik ve mecburi olan yollarla a\u015fa\u011f\u0131daki \u015fekilde toplan\u0131r ve i\u015flenir;<\/p>\n<ul>\n<li>Web Sitesi\u2019 ne ilk girdi\u011finiz anda sizinle ili\u015fkilendirilmeyecek \u015fekilde anonim olarak <em>IP Adresi Bilgileri, \u0130nternet Sitesi Giri\u015f \u00c7\u0131k\u0131\u015f Bilgileri, Kullan\u0131c\u0131 Ad\u0131 Bilgileri, \u00dcye iseniz \u015eifre Bilgileri, Trafik Veri (Ba\u011flant\u0131 Zaman\u0131 \/ S\u00fcresi vb.) bilgileri; <\/em>kullan\u0131lan \u00e7erezler arac\u0131l\u0131\u011f\u0131 ile \u201c<a href=\"https:\/\/drive.google.com\/a\/atli.av.tr\/open?id=1KNJHDxlNhnHcllEzZK4cfV5TjnaHrOMTWmqouu0x6iA\">\u00c7erez Politikas\u0131<\/a>\u201d kapsam\u0131nda toplan\u0131r. \u00c7erez Politikas\u0131 b\u00f6l\u00fcm\u00fcnden ayr\u0131nt\u0131l\u0131 metni okuyabilirsiniz. \u00c7erez Politikas\u0131\u2019ndan edinilen bu veriler yaln\u0131z ba\u015f\u0131na ki\u015fisel veri olarak nitelendirilmez ancak siz Web Sitesine \u00fcye oldu\u011funuzda verdi\u011finiz bilgiler a\u015famas\u0131nda sizi tan\u0131mlayabilecek bilgiler ile birlikte ki\u015fisel veri olarak nitelendirilir. Aksi halde sadece siteye girmeniz ile anonim olarak toplanan bu veriler ki\u015fisel veri kapsam\u0131na girmemektedir. \u00dcye olup, ki\u015fisel bilgileriniz ile\u00a0\u00a0 \u00e7erez bilgileri ili\u015fkilendirilmesi durumunda; hesab\u0131n\u0131z\u0131n g\u00fcvenli\u011finin sa\u011flanmas\u0131, al\u0131nan hizmetlerin do\u011fru \u015fekilde ifas\u0131, veri sorumlusu operasyonlar\u0131n\u0131n g\u00fcvenli\u011finin temini, Web sitesinin ve \u00fcyenin g\u00fcvenli\u011fi, web sitesi reklam panolar\u0131 y\u00f6netimi,\u00a0 denetim faaliyetlerinin y\u00fcr\u00fct\u00fclebilmesi gibi ama\u00e7larla Web Sitesi platformunca toplan\u0131r ve i\u015flenir.<\/li>\n<li>Sitemize \u00fcye olurken payla\u015ft\u0131\u011f\u0131n\u0131z veya daha sonra g\u00fcncelledi\u011finiz, Google, facebook, twittervb sosyal hesab\u0131n\u0131z\u0131 kullanarak senkronize edilerek toplanan <em>Ad\u0131n\u0131z, Soyad\u0131n\u0131z, T.C. Kimlik Numaras\u0131, E-Posta, Cep Telefon Numaras\u0131, Adres;<\/em> \u00fcyelik sisteminde ay\u0131rt edilebilirli\u011finizin sa\u011flanmas\u0131, ba\u015fka \u00fcyelik hesaplar\u0131yla kar\u0131\u015ft\u0131r\u0131lmamas\u0131, \u00fcyelere \u00f6zel kampanya hizmetlerinin verilebilmesi, s\u00f6zle\u015fmelerin haz\u0131rlanabilmesi, sat\u0131\u015f \u00f6ncesi ve sonras\u0131 hizmetlerimizi do\u011fru ki\u015fiye verebilmemiz, \u00fcyelik hesab\u0131 onaylama (do\u011frulama), bildirimde bulunma veya ileride ayr\u0131ca a\u00e7\u0131k r\u0131zan\u0131za ba\u015fvurularak ticari elektronik ileti al\u0131m\u0131na istinaden ileti\u015fim ara\u00e7lar\u0131yla bildirim yap\u0131labilmesi, herhangi bir sorun veya di\u011fer hallerde sizinle ileti\u015fime ge\u00e7ebilmemiz, \u00fcyelik kurtarma ve buna ili\u015fkin g\u00fcvenlik sorular\u0131na kaynak te\u015fkil etmesi ama\u00e7lar\u0131yla toplan\u0131r ve i\u015flenir.<\/li>\n<li>Web Sitemizde sat\u0131\u015fa sunulan \u00fcr\u00fcnlerin taraf\u0131n\u0131zdan payla\u015f\u0131lan fatura bilgileri: <em>ger\u00e7ek ki\u015finin; ad\u0131-soyad\u0131, T.C. kimlik numaras\u0131, vergi dairesi, adresi, t\u00fczel ki\u015filerin; ticari \u00fcnvan\u0131, vergi dairesi, vergi numaras\u0131, adres verileri<\/em> muhasebe\/finansal i\u015flemlerin y\u00fcr\u00fct\u00fclmesi, sat\u0131\u015f sonras\u0131 destek hizmetlerinin verilmesi, ilgili kanunlar\u0131n y\u00fckledi\u011fi (vergi kanunu vb.) sorumluluklar\u0131n yerine getirilebilmesi, sat\u0131lm\u0131\u015f \u00fcr\u00fcnler kar\u015f\u0131l\u0131\u011f\u0131 bu bilgilerle ke\u015fide edilen faturalara dayanarak sat\u0131lan \u00fcr\u00fcn cayma hakk\u0131 kullan\u0131labilir \u00fcr\u00fcn ise bu \u00fcr\u00fcn sahibinin belirlenmesi ama\u00e7lar\u0131yla toplan\u0131r ve i\u015flenir.<\/li>\n<\/ul>\n<p><strong>2- K\u0130\u015e\u0130SEL VER\u0130LER\u0130N\u0130Z\u0130N TOPLANMASININ HUKUK\u0130 SEBEB\u0130<\/strong><\/p>\n<p>Ki\u015fisel Verilerin Korunmas\u0131 Kanunu (KVKK), ki\u015fisel verilerinizi toplarken sizlerin a\u00e7\u0131k r\u0131zan\u0131z\u0131n al\u0131nmas\u0131 gerekti\u011fini s\u00f6ylemekle birlikte baz\u0131 durumlarda payla\u015f\u0131lan bu verilerin \u201ca\u00e7\u0131k r\u0131za\u201d al\u0131nmadan da i\u015flenebilece\u011fini ve aktar\u0131labilece\u011fine de\u011finmektedir. \u0130\u015fbu Ayd\u0131nlatma Metni\u2019 nin 1. maddesi kapsam\u0131nda toplanan ve i\u015flenen ki\u015fisel verilerin, KVKK\u2019 n\u0131n 5. maddesinde yer alan sebepler kapsam\u0131nda zaruri olarak toplanmaktad\u0131r. Bu sebepler;<\/p>\n<ul>\n<li>KVKK \u2018n\u0131n 5, 6, 8, 9. maddelerinde ve di\u011fer kanun ve y\u00f6netmelikler taraf\u0131ndan yukar\u0131da bahsetti\u011fimiz bilgilerin al\u0131nmas\u0131n\u0131n, gerekti\u011fi takdirde payla\u015f\u0131lmas\u0131n\u0131n zaruri olmas\u0131,<\/li>\n<li>\u00dcyelik S\u00f6zle\u015fmesinin, Mesafeli Sat\u0131\u015f S\u00f6zle\u015fmesinin, \u00d6n Bilgilendirme Formu\u2019 nun kurulmas\u0131, sat\u0131\u015f sonras\u0131 hizmetlerin tamamlanmas\u0131 ve taraflar\u0131n birbirlerine olan y\u00fck\u00fcml\u00fcl\u00fcklerini bilmesi ve yerine getirilebilmesi ile ilgili olmas\u0131 sebebiyle ki\u015fisel verilerinizin i\u015flenmesinin gerekli olmas\u0131,<\/li>\n<li>DCOM\u2019 un kanunlardan kaynaklanan sebepler ile sat\u0131c\u0131 ve veri sorumlusu olarak hukuki y\u00fck\u00fcml\u00fcl\u00fcklerini yerine getirebilmesi i\u00e7in ki\u015fisel veri i\u015flemesinin zaruri olmas\u0131,<\/li>\n<li>Temel hak ve \u00f6zg\u00fcrl\u00fcklerinize zarar vermemek kayd\u0131yla, DCOM\u2019 un me\u015fru menfaatleri i\u00e7in ki\u015fisel verilerinizi i\u015flemenin zaruri olmas\u0131<\/li>\n<\/ul>\n<p>hukuki sebeplerine dayan\u0131larak i\u015flenebilecektir.<\/p>\n<h4><strong>3- K\u0130\u015e\u0130SEL VER\u0130LER\u0130N\u0130Z\u0130N AKTARILMASI<\/strong><\/h4>\n<p>Ki\u015fisel Verilerin Korunmas\u0131 Kanunu ki\u015fisel verilerinizin ba\u015fkalar\u0131na aktar\u0131labilmesi i\u00e7in veri sahibinin \u201ca\u00e7\u0131k r\u0131za\u201d beyan\u0131n\u0131 aramaktad\u0131r. Ancak Kanun\u2019 un 8. maddesi \u201cKi\u015fisel Verilerin Aktar\u0131lmas\u0131\u201d ba\u015fl\u0131\u011f\u0131nda belirtildi\u011fi \u00fczere a\u00e7\u0131k r\u0131zan\u0131za ihtiya\u00e7 olmaks\u0131z\u0131n zaruri olan hallerde ba\u015fkalar\u0131na aktar\u0131m yap\u0131labilece\u011fini bahsetmektedir. DCOM olarak bizlerde sadece zaruri hallerde ve a\u015fa\u011f\u0131da bahsedildi\u011fi gibi aktar\u0131labilecektir.<\/p>\n<ul>\n<li>Web Sitede ziyaret\u00e7ilerin yapm\u0131\u015f oldu\u011fu analizler anonim olarak yap\u0131l\u0131r. Anonim olarak toplanan bilgileri kullanabilir, i\u015fleyebilir, anonim sonu\u00e7lar\u0131 payla\u015fabilir, anonim olarak istatistiki olarak if\u015fa edebilir. Ki\u015fisel bilgileriniz direkt olarak kullan\u0131m amac\u0131na ayk\u0131r\u0131 \u015fekilde 3. ki\u015filerle payla\u015f\u0131lmaz, \u00fccretli veya \u00fccretsiz Sadece Veri Sorumlusu taraf\u0131ndan ve i\u015fin yerine getirilebilmesi i\u00e7in DCOM\u2019 un yetkilendirmi\u015f oldu\u011fu ve mevzuat\u0131n uygun g\u00f6rd\u00fc\u011f\u00fc ki\u015filer taraf\u0131ndan i\u015fin gere\u011fini g\u00f6rmek amac\u0131yla aktar\u0131labilir.<\/li>\n<li>Verilen hizmetlerin hukuka ve me\u015fru menfaatlerimize uygun olarak y\u00fcr\u00fctebilmemiz amac\u0131yla; zorunlu oldu\u011fu taktirde dan\u0131\u015fmanl\u0131k ald\u0131\u011f\u0131m\u0131z hukuk firmalar\u0131nda \u00e7al\u0131\u015fan avukat ve g\u00f6revliler,<\/li>\n<li>Web Sitesi i\u00e7erisinde \u00fcr\u00fcnlerin sat\u0131\u015f\u0131ndan kaynakl\u0131 olarak gerekli belgelerin muhasebe\/finansal hizmet ald\u0131\u011f\u0131m\u0131z di\u011fer \u00fc\u00e7\u00fcnc\u00fc ki\u015filere aktar\u0131lmas\u0131,<\/li>\n<li>Hukuki y\u00fck\u00fcml\u00fcl\u00fcklerimizi yerine getirebilmemiz amac\u0131yla; D\u00fczenleyici ve denetleyici kurumlar, vergi daireleri ile mahkeme ve icra m\u00fcd\u00fcrl\u00fckleri gibi sair resm\u00ee kurumlar ve ki\u015fisel verilerinizi talep etmeye yetkili olan di\u011fer kamu kurum veya kurulu\u015flar\u0131na,<\/li>\n<li>S\u00f6zle\u015fmesel y\u00fck\u00fcml\u00fcl\u00fcklerimizi tamamlayabilmek amac\u0131yla; baz\u0131 \u00fcr\u00fcn\/mal\u0131n teslimi veya m\u00fc\u015fteri\/t\u00fcketici ile ileti\u015fim kurabilmek amac\u0131yla e-posta g\u00f6nderiminde ve telekominikasyon alan\u0131nda \u00e7al\u0131\u015ft\u0131\u011f\u0131m\u0131z hizmet sa\u011flay\u0131c\u0131 \u015firketler,<\/li>\n<li>Web sitemizi geli\u015ftirebilmek, altyap\u0131 ve g\u00fcvenli\u011fi sa\u011flayabilmek, ya\u015fanan sorunlar\u0131 biran \u00f6nce giderebilmek, veri g\u00fcvenli\u011fini sa\u011flayabilmek ve sizlere daha iyi hizmet sunabilmek amac\u0131yla; Hizmet ald\u0131\u011f\u0131m\u0131z i\u015f ortaklar\u0131m\u0131z taraf\u0131ndan zorunlu olarak eri\u015filebilir.<\/li>\n<\/ul>\n<p><strong><u>DCOM taraf\u0131ndan toplanan ki\u015fisel verileriniz hi\u00e7bir \u015fekilde ticari ama\u00e7larla kullan\u0131lmaz, sat\u0131lmaz ve yurt d\u0131\u015f\u0131na aktar\u0131lmaz. <\/u><\/strong><\/p>\n<h4><strong>4- K\u0130\u015e\u0130SEL VER\u0130LER\u0130N\u0130Z\u0130N KORUNMASINA Y\u00d6NEL\u0130K HAKLARINIZ VE BA\u015eVURU<\/strong><\/h4>\n<p>Ki\u015fisel verilerinizle ilgili olarak KVKK Kanunu 11. maddesine g\u00f6re;<\/p>\n<ol>\n<li>Ki\u015fisel verilerin i\u015flenip i\u015flenmedi\u011fini \u00f6\u011frenme,<\/li>\n<li>Ki\u015fisel verilerin i\u015flenmi\u015fse buna ili\u015fkin bilgi talep etme,<\/li>\n<li>Ki\u015fisel verilerin i\u015flenme amac\u0131n\u0131 ve bunlar\u0131n amac\u0131na uygun kullan\u0131l\u0131p kullan\u0131lmad\u0131\u011f\u0131n\u0131 \u00f6\u011frenme,<\/li>\n<li>Yurt i\u00e7inde veya yurt d\u0131\u015f\u0131nda ki\u015fisel verilerin aktar\u0131ld\u0131\u011f\u0131 \u00fc\u00e7\u00fcnc\u00fc ki\u015fileri bilme,<\/li>\n<li>Ki\u015fisel verilerin eksik veya yanl\u0131\u015f i\u015flenmi\u015f olmas\u0131 h\u00e2linde bunlar\u0131n d\u00fczeltilmesini isteme,<\/li>\n<li>KVKK\u2019 n\u0131n 7. Maddesinde \u00f6ng\u00f6r\u00fclen \u015fartlar \u00e7er\u00e7evesinde ki\u015fisel verilerin silinmesini veya yok edilmesini isteme,<\/li>\n<li>(5) ve (6) bentleri uyar\u0131nca yap\u0131lan i\u015flemlerin, ki\u015fisel verilerin aktar\u0131ld\u0131\u011f\u0131 \u00fc\u00e7\u00fcnc\u00fc ki\u015filere bildirilmesini isteme,<\/li>\n<li>\u0130\u015flenen verilerin m\u00fcnhas\u0131ran otomatik sistemler vas\u0131tas\u0131yla analiz edilmesi suretiyle ki\u015finin kendisi aleyhine bir sonucun ortaya \u00e7\u0131kmas\u0131na itiraz etme,<\/li>\n<li>Ki\u015fisel verilerin kanuna ayk\u0131r\u0131 olarak i\u015flenmesi sebebiyle zarara u\u011framas\u0131 h\u00e2linde zarar\u0131n giderilmesini talep etme<\/li>\n<\/ol>\n<p>haklar\u0131na sahipsiniz.<\/p>\n<p>Belirtilen haklar\u0131n\u0131za ili\u015fkin taleplerinizi www.drycleanonlymagazine.com adresinde yer alan \u201cDestek\u201d b\u00f6l\u00fcm\u00fcnde ki elektronik posta adresinden iletebilirsiniz. DCOM talebin niteli\u011fine g\u00f6re en ge\u00e7 otuz g\u00fcn i\u00e7inde \u00fccretsiz olarak sonu\u00e7land\u0131racakt\u0131r. Ba\u015fvurunuzun olumsuz de\u011ferlendirilmesi halinde, gerek\u00e7eli ret sebepleri ba\u015fvuruda bulundu\u011funuz elektronik posta adresine g\u00f6nderilir.<\/p>\n<p>\u201cVeri Sorumlusuna Ba\u015fvuru Usul ve Esaslar\u0131 Hakk\u0131nda Tebli\u011f\u201d uyar\u0131nca ilgili ki\u015filerin elektronik posta ile yapaca\u011f\u0131 ba\u015fvurularda; ilgili ki\u015finin ad\u0131 \u2013 soyad\u0131, T.C. kimlik numaras\u0131 (ba\u015fvuruda bulunan ki\u015finin yabanc\u0131 olmas\u0131 halinde pasaport numaras\u0131), tebligata esas yerle\u015fim yeri veya i\u015f yeri adresi, varsa bildirime esas elektronik posta adresi, telefon numaras\u0131 ve faks numaras\u0131 ile talep konusuna dair bilgilerin bulunmas\u0131 zorunludur.<\/p>\n<p>Veri sahibi ilgili ki\u015fi, yukar\u0131da belirtilen haklar\u0131 kullanmak i\u00e7in yapaca\u011f\u0131 ve kullanmay\u0131 talep etti\u011fi hakka ili\u015fkin a\u00e7\u0131klamalar\u0131 i\u00e7eren ba\u015fvuruda talep edilen hususu a\u00e7\u0131k ve anla\u015f\u0131l\u0131r \u015fekilde belirtmelidir.<\/p>\n<p>Talep konusunun, ba\u015fvuran\u0131n \u015fahs\u0131 ile ilgili olmas\u0131 gerekmekle birlikte, ba\u015fkas\u0131 ad\u0131na hareket ediliyor ise ba\u015fvuruyu yapan\u0131n bu konuda \u00f6zel olarak yetkili olmas\u0131 ve bu yetkinin belgelendirilmesi (\u00f6zel vek\u00e2letname) gerekmektedir. Ayr\u0131ca ba\u015fvurunun kimlik ve adres bilgilerini i\u00e7ermesi ve ba\u015fvuruya kimli\u011fi do\u011frulay\u0131c\u0131 belgelerin eklenmesi gerekmektedir. Yetkisiz \u00fc\u00e7\u00fcnc\u00fc ki\u015filerin ba\u015fkas\u0131 ad\u0131na yapt\u0131\u011f\u0131 talepler de\u011ferlendirmeye al\u0131nmayacakt\u0131r.<\/p>\n<p>&nbsp;<\/p>\n<p>[\/vc_column_text][\/vc_column_inner][\/vc_row_inner][\/vc_column][\/vc_row]<\/p>\n","protected":false},"excerpt":{"rendered":"<p>[vc_row full_width=&#8221;stretch_row&#8221;][vc_column][vc_row_inner][vc_column_inner][vc_column_text] K\u0130\u015e\u0130SEL VER\u0130LER\u0130N \u0130\u015eLENMES\u0130NE \u0130L\u0130\u015eK\u0130N AYDINLATMA METN\u0130 O\u011fuz Erel Stil Dan\u0131\u015fmanl\u0131k Ltd. \u015eti. (Bundan sonra \u201cDCOM\u201d olarak an\u0131lacakt\u0131r) olarak; 6698 say\u0131l\u0131 Ki\u015fisel Verilerin Korunmas\u0131 Kanunu (Bundan sonra \u201cKVKK\u201d olarak an\u0131lacakt\u0131r) ve ilgili mevzuat uyar\u0131nca Veri Sorumlusu s\u0131fat\u0131 ile ba\u015fta\u00a0 KVKK, Ayd\u0131nlatma Y\u00fck\u00fcml\u00fcl\u00fc\u011f\u00fcn\u00fcn Yerine Getirilmesi Hakk\u0131nda Tebli\u011f, di\u011fer yerel kanunlar ve T.C. Anayasas\u0131na uygun olarak [&hellip;]<\/p>\n","protected":false},"author":1,"featured_media":0,"parent":0,"menu_order":0,"comment_status":"closed","ping_status":"closed","template":"","meta":[],"_links":{"self":[{"href":"https:\/\/drycleanonlymagazine.com\/beta\/wp-json\/wp\/v2\/pages\/6164"}],"collection":[{"href":"https:\/\/drycleanonlymagazine.com\/beta\/wp-json\/wp\/v2\/pages"}],"about":[{"href":"https:\/\/drycleanonlymagazine.com\/beta\/wp-json\/wp\/v2\/types\/page"}],"author":[{"embeddable":true,"href":"https:\/\/drycleanonlymagazine.com\/beta\/wp-json\/wp\/v2\/users\/1"}],"replies":[{"embeddable":true,"href":"https:\/\/drycleanonlymagazine.com\/beta\/wp-json\/wp\/v2\/comments?post=6164"}],"version-history":[{"count":4,"href":"https:\/\/drycleanonlymagazine.com\/beta\/wp-json\/wp\/v2\/pages\/6164\/revisions"}],"predecessor-version":[{"id":7524,"href":"https:\/\/drycleanonlymagazine.com\/beta\/wp-json\/wp\/v2\/pages\/6164\/revisions\/7524"}],"wp:attachment":[{"href":"https:\/\/drycleanonlymagazine.com\/beta\/wp-json\/wp\/v2\/media?parent=6164"}],"curies":[{"name":"wp","href":"https:\/\/api.w.org\/{rel}","templated":true}]}}