{"id":6162,"date":"2020-10-16T21:30:23","date_gmt":"2020-10-16T18:30:23","guid":{"rendered":"http:\/\/drycleanonlymagazine.com\/beta\/?page_id=6162"},"modified":"2020-11-30T02:21:47","modified_gmt":"2020-11-29T23:21:47","slug":"cerez-politikasi","status":"publish","type":"page","link":"https:\/\/drycleanonlymagazine.com\/beta\/cerez-politikasi\/","title":{"rendered":"\u00c7erez Politikas\u0131"},"content":{"rendered":"<p>[vc_row full_width=&#8221;stretch_row&#8221;][vc_column][vc_row_inner][vc_column_inner][vc_column_text]<strong>\u00c7EREZ POL\u0130T\u0130KASI<\/strong><\/p>\n<p>\u00c7erezler, kulland\u0131\u011f\u0131n\u0131z taray\u0131c\u0131n\u0131z (Chrome, Safari, Explorer vb.) taraf\u0131ndan bili\u015fim sisteminize (Bilgisayar, Cep telefonu, tablet vb.) kaydedilip depolanan k\u00fc\u00e7\u00fck dosyalard\u0131r. Genellikle ziyaret etti\u011finiz internet sitesini kullanman\u0131z s\u0131ras\u0131nda size ki\u015fiselle\u015ftirilmi\u015f bir deneyim sunmak, sunulan hizmetleri geli\u015ftirmek ve deneyiminizi iyile\u015ftirmek i\u00e7in kullan\u0131l\u0131r ve bir internet sitesinde gezinirken kullan\u0131m kolayl\u0131\u011f\u0131na katk\u0131da bulunabilir. Bir sitenin ula\u015fabilece\u011fi bilgiler sizin ona sunduklar\u0131n\u0131zla limitlidir.<\/p>\n<p>O\u011fuz Erel Stil Dani\u015fmanlik Ltd. \u015eti. (Bundan sonra \u201c\u015eirket\u201d olarak an\u0131lacakt\u0131r.)\u00a0 taraf\u0131ndan kurulan <a href=\"http:\/\/www.dryonlymagazine.com\">www.<\/a><a href=\"http:\/\/www.dryonlymagazine.com\">drycleanonlymagazine<\/a><a href=\"http:\/\/www.dryonlymagazine.com\">.com<\/a> adl\u0131 (Bundan sonra \u201cWeb Sitesi\u201d veya \u201c\u0130nternet Sitesi\u201d olarak an\u0131lacakt\u0131r) internet sitesi ilgili mevzuata g\u00f6re haklar\u0131n\u0131za sayg\u0131l\u0131 bir \u015fekilde \u015fu bilgileri taray\u0131c\u0131n\u0131z sorgulayacak ve edinecektir; Hangi i\u015fletim sisteminden ve nas\u0131l bir platformdan ba\u011fland\u0131\u011f\u0131n\u0131z\u0131 (mobil, pc, tablet vb.) hangi IP adresinden ba\u011fland\u0131\u011f\u0131n\u0131z, hangi taray\u0131c\u0131 ile web sitesine eri\u015fti\u011finiz ve bu taray\u0131c\u0131n\u0131n s\u00fcr\u00fcm\u00fcn\u00fc payla\u015fm\u0131\u015f olacaks\u0131n\u0131z. Bu bilgiler ki\u015fisel verilerinizle \u00f6rt\u00fc\u015fmedi\u011finden web sitesi yukar\u0131da bahsedilen hususlar\u0131 anonim olarak kay\u0131t alt\u0131na al\u0131r. Yine bu \u00e7erezler sayesinde sitede g\u00f6sterilen anonim \u015fekilde yukar\u0131da belirtilen standart bilgilere g\u00f6re \u015eirketin t\u00fcm platformlar\u0131nda g\u00f6sterilen reklamlar\u0131n y\u00f6netimi ve analizi yap\u0131lmas\u0131 ile de ba\u011flant\u0131l\u0131 \u015fekilde \u00e7al\u0131\u015f\u0131r. Web sitesine sonradan \u00fcye oldu\u011funuzda bu bilgiler ki\u015fisel verilerinizle bir b\u00fct\u00fcn halinde senkronize olabilir. Ancak sadece web sitemiz taraf\u0131nda ve anonim olarak i\u015flenir.\u00a0\u00a0 Bu \u00e7erezlerden elde edilen bilgiler anonim olarak Google Analitik program\u0131 gibi, web sitemize hangi t\u00fcr platformlardan eri\u015fildi\u011fini, \u015fehir ve \u00fclkesel bazda lokasyon bilgilerini, siteye eri\u015fim zaman\u0131n\u0131 sistemde depolar ve bu bilgiler \u0131\u015f\u0131\u011f\u0131nda analiz yaparak mevcut verilen hizmetin geli\u015ftirilmesine katk\u0131 sa\u011flar.<\/p>\n<p>Gerek Ki\u015fisel Verilerin Korunmas\u0131 Kanunu gerekse ilgili mevzuatca sizin muvafakat\u0131n\u0131z olmadan herhangi bir bilginiz kay\u0131t alt\u0131na al\u0131namaz.<\/p>\n<p>Yukar\u0131da bahsedilen bilgilerin anonim olarak toplanmas\u0131, dolay\u0131s\u0131yla kime ait oldu\u011fu bilinmeyen ancak genel anlamda hizmet kalitesinin geli\u015ftirilmesinde kullan\u0131lan yol g\u00f6sterici y\u00f6ntemleri, gerek g\u00fcvenlik gerek\u00e7esiyle gerekse analiz yapmak ve bu analiz sonu\u00e7lar\u0131n\u0131 \u015eirket politikas\u0131 gere\u011fi kullanmak haklar\u0131na sahip oldu\u011fumuzu web sitemize giri\u015f yaparak ve bu \u00e7erez politikas\u0131 h\u00fck\u00fcmlerini onaylayarak kabul etmi\u015f say\u0131l\u0131rs\u0131n\u0131z. G\u00fcvenlik sebebiyle ve m\u00fc\u015fteri memnuniyetini geli\u015ftirme ama\u00e7l\u0131 \u00e7erez politikas\u0131na onay vermek istemezseniz siteyi kullanmamal\u0131s\u0131n\u0131z veya taray\u0131c\u0131n\u0131z ayarlar\u0131n\u0131 ona g\u00f6re yap\u0131land\u0131rmal\u0131, ge\u00e7mi\u015f \u00e7erezlerinizi de s\u0131kl\u0131kla yine taray\u0131c\u0131n\u0131zdan temizlemenizi tavsiye ederiz.<\/p>\n<p>A\u015fa\u011f\u0131da tan\u0131mlad\u0131\u011f\u0131m\u0131z \u00e7erez \u00e7e\u015fitlerini s\u00fcrekli veya muhtelif zamanlarda, Web sitesi kullanabilir;<\/p>\n<p><strong><u>\u00c7EREZ \u00c7E\u015e\u0130TLER\u0130<\/u><\/strong><\/p>\n<ul>\n<li><strong>Al\u0131nmas\u0131 elzem bilgiler :<\/strong>Ziyaret etti\u011finiz internet sitesinin d\u00fczg\u00fcn \u015fekilde \u00e7al\u0131\u015fabilmesi i\u00e7in zorunlu \u00e7erezlerdir. Bu t\u00fcr \u00e7erezlerin amac\u0131, sitenin \u00e7al\u0131\u015fmas\u0131n\u0131 sa\u011flamak yoluyla gerekli hizmet sunmakt\u0131r.<\/li>\n<\/ul>\n<p>Buna \u00f6rnek olarak; internet sitesinin\u00a0 sadece belli kullan\u0131c\u0131lara ayr\u0131lm\u0131\u015f b\u00f6l\u00fcmlerine g\u00fcvenli b\u00f6l\u00fcmlerine eri\u015fmeye, \u00f6zelliklerini tam kullanabilmeye, olanak verir.<\/p>\n<ul>\n<li><strong>Analiz i\u00e7in kullan\u0131lan \u00c7erez y\u00f6ntemi: <\/strong>\u0130nternet sitesinin kullan\u0131m \u015fekli, ziyaret s\u0131kl\u0131\u011f\u0131 ve say\u0131s\u0131, hakk\u0131nda bilgi toplayan ve ziyaret\u00e7ilerin siteye nas\u0131l ge\u00e7ti\u011fini g\u00f6sterirler. Bu t\u00fcr \u00e7erezlerin kullan\u0131m amac\u0131, sitenin i\u015fleyi\u015f bi\u00e7imini iyile\u015ftirerek performans artt\u0131rmak ve genel e\u011filim y\u00f6n\u00fcn\u00fc belirlemektir. Ziyaret\u00e7i kimliklerinin tespitini sa\u011flayabilecek verileri i\u00e7ermezler.<\/li>\n<\/ul>\n<p>\u00d6rnek olarak; sitede anonim olarak ziyaret\u00e7ilerin kalma s\u00fcresini, hangi sayfalar\u0131n en \u00e7ok ziyaret edildi\u011fini g\u00f6sterilen hata mesaj\u0131 say\u0131s\u0131n\u0131 yerini\u00a0 g\u00f6sterirler.<\/p>\n<ul>\n<li><strong>Ziyaretci Al\u0131\u015fkanl\u0131klar\u0131 \u00c7erezleri: <\/strong>Ziyaret\u00e7inin site i\u00e7erisinde daha \u00f6nceden yapm\u0131\u015f oldu\u011fu tercihleri kaydederek tekrar ziyaret edildi\u011finde web sitesinin an\u0131msamas\u0131n\u0131 sa\u011flayan \u00c7erezlerdir. Bu tip \u00e7erezler de ziyaret\u00e7ilere kolayl\u0131k ve i\u015flevsellik sa\u011flayarak kullan\u0131c\u0131 i\u00e7in web sitesini daha pratik bir hale sokar.<\/li>\n<\/ul>\n<p>Buna en do\u011fru \u00f6rnek; Kullan\u0131c\u0131n\u0131n sitenin her bir sayfas\u0131nda tekrar \u015fifresini girmesine gerek kalmadan devam etmesini sa\u011flamas\u0131 olacakt\u0131r.<\/p>\n<ul>\n<li><strong>Reklam \u00c7erezleri: <\/strong>Web sitesindeziyaret\u00e7ilere sunulan reklamlar\u0131n etkinli\u011finin \u00f6l\u00e7\u00fclmesi ve reklamlar\u0131n ka\u00e7 kere g\u00f6r\u00fcnt\u00fclendi\u011finin hesaplanmas\u0131n\u0131 sa\u011flarlar. Bu t\u00fcr \u00e7erezlerin amac\u0131, ziyaret\u00e7ilerin ilgi alanlar\u0131na \u00f6zelle\u015ftirilmi\u015f reklamlar\u0131n sunulmas\u0131d\u0131r.<\/li>\n<\/ul>\n<p>Ayn\u0131 \u015fekilde, ziyaret\u00e7ilerin gezinmelerinde \u00f6zel olarak ilgi alanlar\u0131n\u0131n tespit edilmesini ve uygun i\u00e7eriklerin sunulmas\u0131n\u0131 sa\u011flarlar. Ayr\u0131ca\u00a0 ziyaret\u00e7iye g\u00f6sterilen reklam\u0131n k\u0131sa s\u00fcre i\u00e7inde tekrar g\u00f6sterilmesini engeller.<\/p>\n<p><strong><u>\u0130NTERNET S\u0130TEM\u0130ZDE KULLANILAN \u00c7EREZLER<\/u><\/strong><\/p>\n<p>Sitemizin kulland\u0131\u011f\u0131 zorunlu, fonksiyonel ve analitik \u00e7erezler:<\/p>\n<ul>\n<li>Web sitesi \u00f6zelliklerinin ziyaret\u00e7i taraf\u0131ndan tam olarak kullan\u0131labilmesi i\u00e7in zorunludur.<\/li>\n<li>Web sitesinin tekrar ziyareti s\u0131ras\u0131nda faaliyetleri h\u0131zland\u0131rmay\u0131 sa\u011flar.<\/li>\n<li>Web sitesinin t\u00fcm kullan\u0131c\u0131lar\u0131 anonim olarak kullan\u0131m analizini Google Analytic yard\u0131m\u0131yla analizler raporlar haline getirek bu genel kullan\u0131m analizlerine bakarak web sitesinin ziyaret\u00e7iler taraf\u0131ndan nas\u0131l kullan\u0131ld\u0131\u011f\u0131n\u0131 anlamam\u0131z\u0131 sa\u011flayarak, istatistiki verileri bir araya getirmemize ve bu veriler do\u011frultusunda i\u00e7erik geli\u015ftirmemize yard\u0131mc\u0131 olur.<\/li>\n<li>Bilgisayar\u0131n\u0131za zarar vermez ve vir\u00fcs i\u00e7ermez.<\/li>\n<\/ul>\n<p>Sitemizin kulland\u0131\u011f\u0131 zorunlu, fonksiyonel ve analitik \u00e7erezler; sitemizi ziyaretiniz s\u0131ras\u0131nda ki\u015fisel verilerinizi elde etmekte olup, ki\u015fisel verileriniz temel hak ve \u00f6zg\u00fcrl\u00fcklerinize zarar vermemek kayd\u0131yla, me\u015fru menfaatlerimiz i\u00e7in zorunlu olmas\u0131 sebebiyle anonim olarak i\u015flenmektedir.<\/p>\n<p><strong><u>\u00c7EREZ AYARLARINI TARAYICILARDA Y\u00d6NETMEK \u0130\u00c7\u0130N <\/u><\/strong><\/p>\n<p>Kulland\u0131\u011f\u0131m\u0131z taray\u0131c\u0131ya g\u00f6re \u00e7erezlerin y\u00f6netimi farkl\u0131l\u0131k g\u00f6sterir. \u00c7erez bilgilerini silmek, engellemek i\u00e7in taray\u0131c\u0131n\u0131z\u0131n ayarlar b\u00f6l\u00fcm\u00fcnden her zaman bu i\u015flemleri yapabilirsiniz. \u00c7erezlerin Y\u00f6netimini sizin ad\u0131n\u0131za kolayla\u015ft\u0131rmak amac\u0131 ile en \u00e7ok kullan\u0131lan taray\u0131c\u0131lar\u0131n \u00e7erez y\u00f6netimlerine a\u015fa\u011f\u0131dan ula\u015fabilirsiniz. Buna g\u00f6re;<\/p>\n<p><a href=\"https:\/\/support.google.com\/accounts\/answer\/61416?co=GENIE.Platform%3DAndroid&amp;hl=tr\">Google Chrome i\u00e7in logoya t\u0131klayarak eri\u015fin;<\/a><\/p>\n<p><a href=\"https:\/\/support.mozilla.org\/tr\/kb\/cerezler-web-sitelerinin-bilgisayarinizda-depoladi#w_cerez-sorunlarini-giderme\">Firefox taray\u0131c\u0131n\u0131z i\u00e7in logoya t\u0131klayarak eri\u015fin:<\/a><\/p>\n<p><a href=\"https:\/\/support.apple.com\/tr-tr\/guide\/safari\/sfri11471\/mac#:~:text=Mac'inizdeki%20Safari%20uygulamas%C4%B1nda%20Safari,aras%C4%B1%20takibi%20engelle%E2%80%9Dyi%20se%C3%A7in.\">Safari taray\u0131c\u0131n\u0131z i\u00e7in logoya t\u0131klayarak eri\u015fin: <\/a><\/p>\n<p>Mobil Cihaz\u0131n\u0131zda \u00c7erezleri Kontrol etmek i\u00e7in ;<\/p>\n<p>Apple Cihazlarda;<\/p>\n<ul>\n<li>&#8220;Ayarlar -&gt; Safari -&gt; Ge\u00e7mi\u015fi ve Web Sitesi Verilerini Sil&#8221; ad\u0131mlar\u0131 ile tarama ge\u00e7mi\u015finizi ve \u00e7erezleri temizleyebilirsiniz..<\/li>\n<li>\u00c7erezleri silip ge\u00e7mi\u015finizi tutmak i\u00e7in &#8220;Ayarlar -&gt; Safari -&gt; \u0130leri D\u00fczey -&gt; Web Sitesi Verileri -&gt; T\u00fcm Web Sitesi Verilerini Sil&#8221; ad\u0131mlar\u0131n\u0131 izleyebilirsiniz.<\/li>\n<li>Siteleri ziyaret ederken ge\u00e7mi\u015f verilerinin tutulmas\u0131n\u0131 istemiyorsan\u0131z;\n<ul>\n<li>&#8220;Safari -&gt; simgesi -&gt; \u00d6zel -&gt; Bitti&#8221; ad\u0131mlar\u0131n\u0131 izleyerek \u00f6zel dola\u015f\u0131m\u0131 aktif hale getirebilirsiniz.<\/li>\n<\/ul>\n<\/li>\n<li>&#8220;Ayarlar -&gt; Safari -&gt; T\u00fcm \u00c7erezleri Engelle&#8221; ad\u0131mlar\u0131 ile \u00e7erezleri engelleyebilirsiniz. Ancak; \u00e7erezleri engelledi\u011finizde baz\u0131 web siteleri ve \u00f6zellikler d\u00fczg\u00fcn \u00e7al\u0131\u015fmayabilir.<\/li>\n<\/ul>\n<p>Android Cihazlarda;<\/p>\n<ul>\n<li>&#8220;Chromeuygulamas\u0131 -&gt; Ayarlar -&gt; Gizlilik -&gt; Tarama verilerini temizle -&gt; \u00c7erezler, medya lisanslar\u0131 ve site verileri -&gt; Verileri Temizle&#8221; se\u00e7ene\u011fi ile \u00e7erezkerinizi temizleyebilirsiniz.<\/li>\n<li>&#8220;ChromeUygulamas\u0131 -&gt; Ayarlar -&gt; Site Ayarlar\u0131 -&gt; \u00c7erezler&#8221; se\u00e7ene\u011fi ile \u00e7erezlere izin verebilir veya engelleyebilirsiniz.<\/li>\n<\/ul>\n<p>\u00c7erez Politikas\u0131 ile ilgili t\u00fcm soru ve g\u00f6r\u00fc\u015flerinizi bize iletmek i\u00e7in \u2018<a href=\"https:\/\/www.dryonlymagazine.com\/iletisim\"><strong>Bize Ula\u015f\u0131n<\/strong><\/a>\u2019 b\u00f6l\u00fcm\u00fcn\u00fc kullanabilirsiniz.[\/vc_column_text][\/vc_column_inner][\/vc_row_inner][\/vc_column][\/vc_row]<\/p>\n","protected":false},"excerpt":{"rendered":"<p>[vc_row full_width=&#8221;stretch_row&#8221;][vc_column][vc_row_inner][vc_column_inner][vc_column_text]\u00c7EREZ POL\u0130T\u0130KASI \u00c7erezler, kulland\u0131\u011f\u0131n\u0131z taray\u0131c\u0131n\u0131z (Chrome, Safari, Explorer vb.) taraf\u0131ndan bili\u015fim sisteminize (Bilgisayar, Cep telefonu, tablet vb.) kaydedilip depolanan k\u00fc\u00e7\u00fck dosyalard\u0131r. Genellikle ziyaret etti\u011finiz internet sitesini kullanman\u0131z s\u0131ras\u0131nda size ki\u015fiselle\u015ftirilmi\u015f bir deneyim sunmak, sunulan hizmetleri geli\u015ftirmek ve deneyiminizi iyile\u015ftirmek i\u00e7in kullan\u0131l\u0131r ve bir internet sitesinde gezinirken kullan\u0131m kolayl\u0131\u011f\u0131na katk\u0131da bulunabilir. Bir sitenin ula\u015fabilece\u011fi bilgiler [&hellip;]<\/p>\n","protected":false},"author":1,"featured_media":0,"parent":0,"menu_order":0,"comment_status":"closed","ping_status":"closed","template":"","meta":[],"_links":{"self":[{"href":"https:\/\/drycleanonlymagazine.com\/beta\/wp-json\/wp\/v2\/pages\/6162"}],"collection":[{"href":"https:\/\/drycleanonlymagazine.com\/beta\/wp-json\/wp\/v2\/pages"}],"about":[{"href":"https:\/\/drycleanonlymagazine.com\/beta\/wp-json\/wp\/v2\/types\/page"}],"author":[{"embeddable":true,"href":"https:\/\/drycleanonlymagazine.com\/beta\/wp-json\/wp\/v2\/users\/1"}],"replies":[{"embeddable":true,"href":"https:\/\/drycleanonlymagazine.com\/beta\/wp-json\/wp\/v2\/comments?post=6162"}],"version-history":[{"count":4,"href":"https:\/\/drycleanonlymagazine.com\/beta\/wp-json\/wp\/v2\/pages\/6162\/revisions"}],"predecessor-version":[{"id":7520,"href":"https:\/\/drycleanonlymagazine.com\/beta\/wp-json\/wp\/v2\/pages\/6162\/revisions\/7520"}],"wp:attachment":[{"href":"https:\/\/drycleanonlymagazine.com\/beta\/wp-json\/wp\/v2\/media?parent=6162"}],"curies":[{"name":"wp","href":"https:\/\/api.w.org\/{rel}","templated":true}]}}